{"id":223,"date":"2023-08-28T15:58:44","date_gmt":"2023-08-28T15:58:44","guid":{"rendered":"https:\/\/adam-kessler.de\/?page_id=223"},"modified":"2024-01-26T16:22:49","modified_gmt":"2024-01-26T16:22:49","slug":"gesetzlich-versicherte-patienten","status":"publish","type":"page","link":"https:\/\/adam-kessler.de\/?page_id=223","title":{"rendered":"Abrechnung"},"content":{"rendered":"\n<h2 class=\"wp-block-heading\">Gesetzliche Krankenversicherung<\/h2>\n\n\n\n<p>F\u00fcr meine Praxis habe ich eine kassen\u00e4rztliche Zulassung der KV Berlin. Damit haben gesetzlich Versicherte die M\u00f6glichkeit, eine Behandlung in meiner Praxis zu Lasten ihrer Krankenkasse wahrzunehmen. Bitte bringen Sie zu Ihren Terminen immer die elektronische Gesundheitskarte (eGK) mit.<\/p>\n\n\n\n<h2 class=\"wp-block-heading\">Private Krankenversicherung und Beihilfeberechtigte<\/h2>\n\n\n\n<p>Sie erhalten von mir eine Rechnung nach der Ma\u00dfgabe der GO\u00c4, die Sie ggf. von Ihrer privaten Krankenkasse (PKV) bzw. Beihilfe (f\u00fcr Beamte) erstatten lassen k\u00f6nnen. Da Versicherungen ganz unterschiedliche Vertr\u00e4ge abschlie\u00dfen und Leistungen individuell ein- oder ausgeschlossen werden k\u00f6nnen, informieren Sie sich bitte vor Aufnahme einer Behandlung, ob psychotherapeutische Leistungen in Ihrem Fall mitversichert sind und welche Bedingungen Sie vorab erf\u00fcllen m\u00fcssen. Zum Beispiel verlangen manche PKVen, dass sie von ihren Versicherten vor der Aufnahme einer Therapie informiert werden. Es ist g\u00fcnstig, wenn Sie diese Information bereits beim Erstgespr\u00e4ch zur Verf\u00fcgung haben, so dass ich Sie diesbez\u00fcglich beraten kann. <\/p>\n\n\n\n<h2 class=\"wp-block-heading\">Heilf\u00fcrsorge der Bundeswehr<\/h2>\n\n\n\n<p>Die Kosten einer psychotherapeutischen Behandlung in meiner Praxis werden durch die Heilf\u00fcrsorge der Bundeswehr \u00fcbernommen. Zum Erstgespr\u00e4ch bringen Sie bitte eine Kosten\u00fcbernahmeerkl\u00e4rung (SanBW0218) mit dem Vermerk \u201e5 Probatorische Sitzungen einschlie\u00dflich flankierender Ziffern gem\u00e4\u00df GO\u00c4 2,3facher Satz\u201c mit.<\/p>\n\n\n\n<h2 class=\"wp-block-heading\">Heilf\u00fcrsorge der Bundespolizei<\/h2>\n\n\n\n<p>Die Heilf\u00fcrsorge der Bundespolizei \u00fcbernimmt die Kosten der Behandlung in meiner Praxis. Bundespolizisten haben die M\u00f6glichkeit, eine Psychotherapie in meiner Praxis aufzunehmen. Die Beantragung und Abrechnung erfolgt \u00fcber die Heilf\u00fcrsorgestelle Bundespolizei.<\/p>\n\n\n\n<h2 class=\"wp-block-heading\">Abrechnung der Kosten f\u00fcr Coaching, Beratung und Paartherapie<\/h2>\n\n\n\n<p>Bei diesen Angeboten handelt es sich um nicht-\u00e4rztliche Leistungen. Das Honorar hierf\u00fcr vereinbare ich mit Ihnen individuell. Sie erhalten eine Rechnung nach \u00a7 19 UStG.<\/p>\n\n\n\n<p><\/p>\n","protected":false},"excerpt":{"rendered":"<p>Gesetzliche Krankenversicherung F\u00fcr meine Praxis habe ich eine kassen\u00e4rztliche Zulassung der KV Berlin. Damit haben gesetzlich Versicherte die M\u00f6glichkeit, eine Behandlung in meiner Praxis zu Lasten ihrer Krankenkasse wahrzunehmen. Bitte bringen Sie zu Ihren Terminen immer die elektronische Gesundheitskarte (eGK) mit. Private Krankenversicherung und Beihilfeberechtigte Sie erhalten von mir eine Rechnung nach der Ma\u00dfgabe der &#8230; <a title=\"Abrechnung\" class=\"read-more\" href=\"https:\/\/adam-kessler.de\/?page_id=223\" aria-label=\"Mehr Informationen \u00fcber Abrechnung\">Weiterlesen<\/a><\/p>\n","protected":false},"author":1,"featured_media":0,"parent":0,"menu_order":0,"comment_status":"closed","ping_status":"closed","template":"","meta":{"footnotes":""},"class_list":["post-223","page","type-page","status-publish"],"_links":{"self":[{"href":"https:\/\/adam-kessler.de\/index.php?rest_route=\/wp\/v2\/pages\/223","targetHints":{"allow":["GET"]}}],"collection":[{"href":"https:\/\/adam-kessler.de\/index.php?rest_route=\/wp\/v2\/pages"}],"about":[{"href":"https:\/\/adam-kessler.de\/index.php?rest_route=\/wp\/v2\/types\/page"}],"author":[{"embeddable":true,"href":"https:\/\/adam-kessler.de\/index.php?rest_route=\/wp\/v2\/users\/1"}],"replies":[{"embeddable":true,"href":"https:\/\/adam-kessler.de\/index.php?rest_route=%2Fwp%2Fv2%2Fcomments&post=223"}],"version-history":[{"count":14,"href":"https:\/\/adam-kessler.de\/index.php?rest_route=\/wp\/v2\/pages\/223\/revisions"}],"predecessor-version":[{"id":486,"href":"https:\/\/adam-kessler.de\/index.php?rest_route=\/wp\/v2\/pages\/223\/revisions\/486"}],"wp:attachment":[{"href":"https:\/\/adam-kessler.de\/index.php?rest_route=%2Fwp%2Fv2%2Fmedia&parent=223"}],"curies":[{"name":"wp","href":"https:\/\/api.w.org\/{rel}","templated":true}]}}